r of 2 and b.
2
Let i = -730 - -486. Let o be 3138/9 - (-3)/9. Let p = o + i. What is the highest common divisor of p and 15?
15
Let n(k) = k - 4. Let s be n(-5). Let d = s - -14. What is the greatest common factor of d and 20?
5
Let t(u) = 7*u**2 + u. Let v be t(-1). Let r = -4 + 18. Let g = r - v. Calculate the highest common factor of g and 56.
8
Let h(f) = 2*f**2 + 8. Let u be (2 + -1)*-2*-2. Suppose 10 = -u*p - 14. Let v be h(p). What is the highest common divisor of 8 and v?
8
Let a = 3 + -1. Let h(s) = 1 - a + 17*s + 20*s. Let l be h(1). Calculate the greatest common divisor of l and 6.
6
Suppose 21 = -q - 4*o + 3, -2*o = -4*q. Let t(a) = -16*a - 5. Let n be t(q). Calculate the highest common divisor of n and 3.
3
Let d be (-392)/(-10) - 4/20. Calculate the greatest common divisor of 156 and d.
39
Let o = -3 + 7. Suppose -l = -4*d + o*l + 44, -d + 4*l = -11. What is the greatest common factor of d and 1?
1
Let y(x) = 3*x**2 - 6*x - 13. Let p = 72 - 41. Let u = -22 + p. Let n be y(u). Calculate the greatest common divisor of n and 16.
16
Let c be (-1)/1 - (-3 - 8). Calculate the greatest common divisor of 10 and c.
10
Let j = 17 + 13. Suppose 0 = 4*i - 5*g - j, 1 = i + 5*g + 6. What is the greatest common divisor of i and 15?
5
Let u(o) = 5*o - 70. Let q be u(16). Let g be 6/4*40/2. What is the highest common divisor of g and q?
10
Suppose -m = -0 + 3. Let a = m - 0. Let x(j) = -2*j**3 + 2*j**2 + j - 3. Let n be x(a). What is the highest common factor of 6 and n?
6
Let g be (-1 - -2) + -3 - 3. Let i = -3 + 12. Let m = g + i. Calculate the highest common divisor of m and 32.
4
Let l(p) = 4*p - 9. Let q be l(27). What is the greatest common factor of 9 and q?
9
Let x be 12*(5/2)/5. Suppose g = -0*g + 4. Suppose -2*c - q = q - g, c + 2 = -2*q. Calculate the highest common factor of x and c.
6
Suppose b + 5*t + 0*t = -98, -5*t = -b - 138. Let d = -1 - b. What is the greatest common factor of 13 and d?
13
Suppose -12 + 0 = -4*h. Suppose o + h*g + 46 = 5*o, -o - 3*g = -19. What is the greatest common divisor of o and 117?
13
Let s(a) = a. Let k be s(0). Suppose 0 = -2*j + m + 69, k*m - 3*m - 175 = -5*j. What is the highest common factor of 4 and j?
4
Let t be (-1 - 8)*(-11)/33. Calculate the highest common factor of t and 1.
1
Let q be ((-15)/10)/(3/(-22)). Suppose t + 55 = 6*t. What is the greatest common divisor of q and t?
11
Let p(q) = 6*q**2 + 2*q - 1. Let u be 0 + -2 - -5 - 2. Let x be p(u). Calculate the highest common divisor of x and 35.
7
Suppose -4*q - 6 = -2*q. Let n be 4*((-6)/q)/1. What is the highest common factor of n and 20?
4
Let j be (-3 - -2)*(-1 + -1). Let g be j/8 + (-57)/(-12). What is the highest common factor of 55 and g?
5
Let p be (-1 + -34)/(-8 - -7). Calculate the greatest common divisor of p and 14.
7
Let f be 26 - (-2 + 0) - 1. Let s(b) = -b - 8. Let u be s(-10). Suppose -u*l - 3 = -0*x - 3*x, -3*x + 3*l = 0. What is the greatest common divisor of x and f?
3
Suppose 3*x + 69 = 174. What is the highest common divisor of x and 5?
5
Suppose -5 = -4*q - k, -3*k + 4 = 2*q - q. Let r be (-19 - q)/((-1)/2). Suppose -r + 16 = -3*f. What is the greatest common divisor of 2 and f?
2
Let i(j) be the second derivative of -2*j**3 - 3*j**2/2 + 3*j. Let m be i(-4). What is the highest common factor of m and 30?
15
Let o be (4 - 2)/((-2)/(-11)). Let k(m) = -10*m + 0 + 0 - 5. Let u be k(-6). Calculate the highest common factor of u and o.
11
Suppose -3*l + 2*l = 13. Let z = 23 + l. Let h be (-238)/(-8) + (-2)/(-8). Calculate the highest common factor of h and z.
10
Let y(s) = 5*s**2 + 6 + s**3 - 3*s**3 - 7*s + 3*s**3. Let z be y(-6). Let p(h) = h**2 - 15*h + 8. Let n be p(16). What is the highest common divisor of n and z?
12
Let d(c) = 17*c**2 - c. Let n be d(-1). Suppose 4*k - 13 = 3*l, -4*k + 19 = l + 2*l. Let s be 161 + (k - 6/2). Calculate the greatest common factor of s and n.
18
Suppose 2*l = 2 + 8. Let p be 4/(-3)*9/(-6). Suppose 0*r = -r - p*g + 14, 0 = -r + 2*g + 6. Calculate the highest common divisor of l and r.
5
Let w = 51 + -25. Suppose 4*u = k + 7, -3*k - k + u = -47. Calculate the greatest common factor of k and w.
13
Let a = 0 - 2. Let i be (-2)/a - (-3 - -1). What is the greatest common divisor of i and 15?
3
Suppose -4*n + 8*n - 80 = 0. Let s = -2 - -1. Let a be 2*5/(-2)*s. Calculate the greatest common divisor of a and n.
5
Let v = 156 - 4. Calculate the greatest common factor of 19 and v.
19
Let k(j) = 8*j**2 - 2*j + 2. Let h = 5 - 3. Let o be k(h). Let a = 120 + -45. Calculate the greatest common divisor of o and a.
15
Let y(w) = w**3 + 18*w**2 - 22*w. Let d be y(-19). Suppose -4*n = 10 - 86. Calculate the greatest common factor of n and d.
19
Let s(q) = q**3 + q**2 + q + 16. Let o be s(0). Let i(k) = k**3 + 3*k**2 - 11*k + 11. Let r be i(-5). Calculate the highest common divisor of r and o.
16
Let w = -4 + 4. Suppose 6*k - 2*k + a - 21 = w, -27 = -3*k - 3*a. Let b be (-430)/(-6) - k/(-12). What is the highest common factor of b and 12?
12
Suppose -f = -w - 0*w + 52, f = 4*w - 217. Calculate the greatest common divisor of w and 110.
55
Let n(g) = 23*g**2 + 2*g + 1. Let o be n(-1). Suppose 0 = -3*k + 2*k + 198. What is the greatest common factor of o and k?
22
Let s = 22 + -87. Let o be 8/(-12) + s/(-3). What is the greatest common divisor of 231 and o?
21
Let i be ((-60)/(-9))/(-2)*36/(-8). What is the greatest common divisor of i and 6?
3
Let h = 4 + -2. Let t = 117 - 56. Suppose 2*s = -17 + t. Calculate the greatest common factor of s and h.
2
Let w(a) = -2*a**3 - a**2 + 16. Let h be w(0). Calculate the highest common factor of 16 and h.
16
Let o(b) = b**3 + 10*b**2 + 3*b + 6. Let k be o(-8). What is the greatest common factor of k and 10?
10
Suppose 126 = 4*t - t. Let k(f) = -f**3 - 2*f**2 - 3*f. Let o be k(-2). What is the greatest common divisor of o and t?
6
Let a(s) = -21*s - 4. Let k = 5 + -9. Let y be a(k). Let d = 20 + -4. What is the highest common divisor of d and y?
16
Suppose 0 = 5*f - 518 + 43. Let u = 39 - 20. What is the highest common factor of u and f?
19
Let c = -41 + 28. Let x be (-2529)/(-39) - 2/c. What is the highest common factor of 26 and x?
13
Let z be -4 + 3 + 17 - 4. Calculate the highest common factor of 6 and z.
6
Let s = 306 - 216. Let d = -8 - -11. Suppose 0 = 5*j - d*j - 18. Calculate the highest common factor of s and j.
9
Let s = -15 - -18. Suppose -p + i + 10 = 0, -s*p = -2*i - 2*i - 34. Calculate the greatest common factor of p and 6.
6
Suppose 99 = 5*f + 4*n, -3*f + 0*f + 49 = 5*n. What is the greatest common factor of 92 and f?
23
Let u(a) = -a**3 - 2*a**2 - 2*a - 5. Let z(h) = h**2 - 7*h + 9. Let n be z(4). Let f be u(n). Calculate the highest common divisor of f and 4.
2
Let r(w) = w**2 + 4*w - 4. Let q be r(-6). What is the highest common factor of q and 32?
8
Suppose -25 + 157 = 4*y. What is the greatest common factor of y and 22?
11
Let f = -2 + 42. Calculate the greatest common divisor of f and 100.
20
Suppose -2*f = 2*l - 5*l - 3, 5*l - 2*f + 5 = 0. Let g = 7 + l. Suppose 0*v - g = -3*v. What is the highest common divisor of v and 1?
1
Let a be 3/(-6) - (-71)/2. What is the greatest common divisor of 7 and a?
7
Suppose -5*w - 2*u - 16 = -2*w, 4*u + 16 = 2*w. Let o be 75/18 + w/12. Let j = 5 - o. Calculate the greatest common divisor of 1 and j.
1
Suppose -8*a + 4*a + 72 = 0. What is the greatest common factor of 162 and a?
18
Let r(o) = -3*o - 3*o - 1 + 0. Let s be r(-1). Suppose 3*x = -2*x + s. What is the greatest common divisor of 1 and x?
1
Let c = 17 - -4. Calculate the greatest common divisor of 231 and c.
21
Let g(y) = -y**2 - 8*y + 5. Let d be g(-8). Suppose 0 = -d*h - 25. Let t be h/5 + -1 + 20. What is the greatest common factor of t and 54?
18
Suppose 2*m = -2, -5*l - 3*m - 4 = 4. Suppose 3*y = 0, -3*v - 3*y + 21 = -6*v. Let p = l - v. Calculate the greatest common factor of p and 3.
3
Let d be ((-6)/5)/((-3)/15). Let h be 66 - -2*d/(-4). Calculate the greatest common factor of h and 9.
9
Suppose 6*n - 2*d = n + 174, -4*n + 142 = -3*d. What is the greatest common divisor of n and 17?
17
Suppose 9 = 2*o + 3*p - 492, 3*o = -5*p + 751. Calculate the highest common factor of o and 36.
36
Let i(z) = z**3 - 3*z**2 + 5*z - 2. Let y be i(6). Let j(n) = 